i) = -4*i - 5. What are the prime factors of g(o)?
3, 5
Let c be (0 + 1 - -2) + 1. Let k(y) = 0*y + y**2 + 5*y - 2 + c. What are the prime factors of k(-5)?
2
Let z(q) = q**3 - 16 + 2*q**2 - 15*q + 17*q + 3*q**2 + 9*q**2. Let y be z(-14). Let f = -19 - y. List the prime factors of f.
5
Let c = -921 - -1303. What are the prime factors of c?
2, 191
What are the prime factors of (7 - 5)/(6/9669)?
11, 293
Suppose -2*i = -1 - 5. Let d be (-6)/(-15) + (-183)/(-5). Suppose 0*w - i*w = -u - d, -u = w - 15. What are the prime factors of w?
13
Suppose 9*t + 1 = 37. Let g(j) = -j**3 - j**2 - 5*j. Let z be g(-4). Suppose -z - 200 = -t*r. List the prime factors of r.
67
Let m(w) = 66*w**2 + 4*w - 5. What are the prime factors of m(3)?
601
Let f(l) = -3*l**3 + 7*l**2 + 25*l + 127. What are the prime factors of f(-9)?
2, 83
Suppose -412*v = -418*v + 7746. What are the prime factors of v?
1291
Let g = 39 - -126. Suppose 0 = -k + g - 20. Suppose i - 21 = -c, i = 6*i - 3*c - k. What are the prime factors of i?
2, 13
Suppose 4*n - 8 = 3*u - 43, -n = u. Suppose u*t = -3 + 28. Suppose -62 = -h - t*o, 6*h - 2*h + o - 267 = 0. What are the prime factors of h?
67
Suppose 15*o - 2943 = 1722. What are the prime factors of o?
311
Let y(v) = -v**2 - 10*v + 2. Let h be y(-10). Let f(u) = -11*u**h + 19*u**2 + u**3 - 5 + 5*u + 3*u. What are the prime factors of f(-6)?
19
Suppose 4*q - 3*y = -15, 0*y + 3*y = 5*q + 15. Suppose 8*l + l - 522 = q. List the prime factors of l.
2, 29
Let i be 7/(189/2274) - (-6)/(-27). Let g = 11 + i. List the prime factors of g.
5, 19
Let n = -14 - -9. Let u(v) = 6*v**2 - 3*v + 5. Let x(o) = o**2 - o - 1. Let f(j) = u(j) - 4*x(j). List the prime factors of f(n).
2, 3
List the prime factors of 585 - (-17 + 1 - -8) - 4.
19, 31
Let x be 8/(((-15)/(-3))/(-20)). Let c = 60 + x. List the prime factors of c.
2, 7
Let l(x) = 4*x**2 - 7*x + 33. Let i = 160 - 153. What are the prime factors of l(i)?
2, 3, 5
Let k(j) = -95*j + 613. What are the prime factors of k(-27)?
2, 7, 227
Let q be 3 + 1 + 13 + -2. Suppose 0 = -2*h - 3*h + q. Suppose 5*a - h*f - 11 = 0, 0 = -2*a + 2*f - f + 5. List the prime factors of a.
2
Let t(w) = w**3 + w**2 + 1. Let k(h) = -5*h**3 + 14*h**2 + 4*h + 14. Let v(n) = -k(n) - 6*t(n). List the prime factors of v(-20).
2, 3, 5
Let c(s) = -15 + 6*s - 12 + 2. Let i = -235 - -246. What are the prime factors of c(i)?
41
Suppose -56 = 5*v - 76. Suppose 6*x + 4*z = v*x + 340, 0 = -2*x - z + 349. What are the prime factors of x?
2, 11
Let o be (-2 + 3/3)*-9. Suppose -4*q + o*q - 325 = 0. What are the prime factors of q?
5, 13
Suppose 0 = 5*f - 13 - 12. Suppose -2*z + 191 = -o, -o = f*z + 3*o - 445. Suppose 0 = a - r - 3*r - 48, -z = -2*a + 5*r. What are the prime factors of a?
2, 11
Let d(t) = 5 - 3*t - 11*t - 11*t + 9*t. List the prime factors of d(-10).
3, 5, 11
Let t(s) = -s - 66. Let j(w) = 13. Let d(n) = -11*j(n) - 2*t(n). Suppose -3*a = 4*o - 19, -4*a + 5*a = 3*o + 15. List the prime factors of d(a).
7
What are the prime factors of (-24)/(-42) - (5 + 31904/(-28))?
5, 227
Let u(f) = f + 13. Let k be u(-11). Suppose -2*z = -0*z + k, -z = -5*g + 346. What are the prime factors of g?
3, 23
Suppose -41*w + 15 = -36*w. Suppose -505 = -2*m - w*l + 13, -l - 799 = -3*m. What are the prime factors of m?
5, 53
Let b = 2283 + -918. What are the prime factors of b?
3, 5, 7, 13
Let b = 45 - -188. List the prime factors of b.
233
Suppose -266*j = -262*j - 936. List the prime factors of j.
2, 3, 13
Let t(p) = -7*p**3 + 5*p**2 + 3*p - 16. Let s(f) = 8*f**3 - 5*f**2 - 4*f + 17. Let z(h) = -6*s(h) - 7*t(h). List the prime factors of z(4).
2, 3
Let s be (-2)/12 - (-7742)/84. Suppose -5*t = -3*t - s. List the prime factors of t.
2, 23
Let t(y) = 33*y**2 + 2*y - 10. What are the prime factors of t(3)?
293
Let f(j) = j**2 - 5*j - 15. Let u be f(8). Let y(q) = 3*q + 5. List the prime factors of y(u).
2
Suppose 0*j = -y + 4*j - 17, 10 = 2*j. Suppose 0 = 5*i - 0*i + y*c - 658, -3*i - 2*c = -394. What are the prime factors of i?
2, 67
Suppose -4*o = 3*x - 12461, -2*x = 4*o - 6*x - 12468. List the prime factors of o.
2, 19, 41
Suppose -4*k + 3*k + 2 = 0. Suppose 2*w - 3*w + 2*y = -218, 5*y - 445 = -k*w. Suppose w = -5*h + 9*h. What are the prime factors of h?
5, 11
Let n(s) be the first derivative of s**4/2 + 2*s**2 + 671. Suppose 4 = -5*b + 19. What are the prime factors of n(b)?
2, 3, 11
Suppose -3*w + 11 = -91. List the prime factors of (-9 - 1)*(-221)/w.
5, 13
Let p = -17 - -29. List the prime factors of -3*(-56)/p + 1.
3, 5
Suppose l - 2 - 8 = 0. Suppose l*d = 5*d. Let x = d + 41. List the prime factors of x.
41
What are the prime factors of (1 + 0 + -293)/(-10 - -9)?
2, 73
Let n be (-4)/6 + (-26)/(-3). Let m = -43 + 44. Suppose 2*r - 2*w = n, -w - 3*w - m = r. What are the prime factors of r?
3
Suppose -4*o + 2*w - 2 = 0, 6*w - 2*w - 4 = 5*o. Suppose 20 = -10*y + 5*y - 3*g, -3*y + 2*g - 12 = o. List the prime factors of (39/(-6))/(y/8).
13
Suppose 4*h - 8533 - 7543 = 3*l, h = -2*l + 4030. What are the prime factors of h?
2, 2011
Suppose 147*o - 163*o + 50336 = 0. What are the prime factors of o?
2, 11, 13
Suppose 2*i = 5*r + 4 - 0, -6 = -3*i. Suppose r = -47*y + 48*y - 46. List the prime factors of y.
2, 23
Let k(l) = 6*l**2 - 3*l - 2. Suppose 5*b = 3*t - 19 - 18, 3*b - 1 = -4*t. List the prime factors of k(t).
2, 41
Let c = -68 - -103. Let b = 14 - c. Let y = b + 34. What are the prime factors of y?
13
Let q(w) = -2*w**2 + 100*w + 145. What are the prime factors of q(45)?
5, 7, 17
Let x = -430 - -729. Suppose 0*k - i = 3*k + x, -4*k + 3*i = 390. Let n = -42 - k. What are the prime factors of n?
3, 19
What are the prime factors of 606970/490 + 4/14?
3, 7, 59
Suppose 4*r = 68 + 992. List the prime factors of r.
5, 53
Let g = -132 - -305. Let w = g - -66. What are the prime factors of w?
239
Let w = -163 - -303. List the prime factors of w.
2, 5, 7
Let t be ((3 - 6) + 5)/1. Suppose 0 = -t*f + 148 - 40. What are the prime factors of f?
2, 3
Let g be ((-6)/(-4))/(3/16). Suppose 2*l - 4*l = g. Let f(x) = x + 7. List the prime factors of f(l).
3
Suppose 2847 = 3*h - 2*p + 5*p, 5*p + 973 = h. List the prime factors of h.
953
Let r(m) = m + 4. Let s(i) = -i - 5. Let z(c) = -4*r(c) - 3*s(c). Let x(n) = 7*n + 13. Let q(g) = x(g) + 6*z(g). List the prime factors of q(5).
2, 3
Let p(t) = -t - 11. Let q be p(-16). Suppose -2*n = -n - 5*r + q, 4*n = -5*r + 5. Suppose n = -8*d + 9*d - 35. List the prime factors of d.
5, 7
Let r = 10295 + -5753. What are the prime factors of r?
2, 3, 757
Let b(u) = -444*u - 216. List the prime factors of b(-4).
2, 3, 5, 13
Let z be -28*((-14)/8 - (-39)/(-52)). Let p = z - 58. List the prime factors of p.
2, 3
Suppose 4*t - 329 = 315. Suppose 5*s - 118 = -4*g + 2*s, 5*g = 3*s + t. Suppose 0 = -5*x + 5 + 10, 0 = -5*z + 3*x + g. List the prime factors of z.
2
Let f(d) = 20*d - 32. What are the prime factors of f(8)?
2
Suppose -9*q = -5*q - 1184. List the prime factors of q.
2, 37
Suppose 1 + 4 = -d. Suppose 3*i - 25 = 5*l, -3*i + 11 + 6 = -l. List the prime factors of (l/d)/((-1)/(-120)).
2, 3
Let w be -5*(-2)/(-35) - (-16)/7. Suppose 0 = 6*m - 5*m - 4*v - 221, -5*v - 451 = -w*m. What are the prime factors of m?
233
Let j be (6 + -5)/(1/4). Suppose j*h + 5*l - 155 = 0, 2*l + 134 = -0*h + 4*h. List the prime factors of h.
5, 7
Let g = 127 + 264. Suppose 4*a + 2*l - 506 = 0, -l - g = -3*a + 1. What are the prime factors of a?
3, 43
Let s(i) = -2*i - 3. Let n be s(-3). Suppose n*l = 4 + 8. Suppose 0 = -5*w + 2*j + 27, -l*j + 10 = 3*w - 27. What are the prime factors of w?
7
Let i be (1 - 4/6)*-6. Let m(q) = -11*q - 5. Let w be m(i). Let b = 14 + w. What are the prime factors of b?
31
Suppose -2*j = 5*p - 4*p - 64, 3*p - 5*j = 170. Suppose 4*c + p - 456 = 0. What are the prime factors of c?
3, 11
Suppose 124*z - 75*z = 177380. List the prime factors of z.
2, 5, 181
Suppose -5*g - 22 = -7. Let u = 43 - 43. What are the prime factors of (g - 0 - u) + 16?
13
Let h = -24 - -37. Suppose 3*r + 3*i + 6 = 21, i + h = 5*r. Suppose -5*a + 4*z = -114 - 80, 4*z + 110 = r*a. What are the prime factors of a?
2, 3, 7
Suppose 0*k + 32 = -4*k. Let f = -3 - -6. What are the prime factors of (4 - 2) + (f - k)?
13
Let x(w) be the third derivative of 13*w**4/12 